(-4). Let q(t) = -t - 4. Give q(d).
-8
Let d(p) = p**3 + 2*p**2 - p - 1. Let w be d(-2). Let z(i) = w + 2 + i**2 + 7*i - 5. Determine z(-6).
-8
Let x = 193 - 199. Let f(a) = a**2 + 5*a - 6. Give f(x).
0
Let m(p) = -2 + 2*p**2 - 3*p - 3 - 2 + 2. Determine m(4).
15
Let u = -19 + 25. Let b(f) = f - 1. Give b(u).
5
Let r(z) = -6*z**3 + 23*z**2 - 17*z + 12. Let k(d) = 2*d**3 - 8*d**2 + 6*d - 4. Let y(s) = -11*k(s) - 4*r(s). Determine y(3).
20
Let k(f) = f**2 - 6*f + 6. Suppose -3 = -t + 9. Suppose 2*p - t = -p. What is k(p)?
-2
Let a = 8 - 11. Let v(k) = 11*k + 1 + k**3 + 2*k**2 - 3*k - 10*k. What is v(a)?
-2
Let a(k) = 44*k**2 + 1 + 2*k - 42*k**2 - 4*k - 19*k**3. What is a(1)?
-18
Let r be ((-18)/30)/(1/(-5)). Let j(a) = 0*a**2 + 7*a**3 - 5*a**2 - 4 - 8*a**r - 7*a. Determine j(-4).
8
Suppose j + 15 = 2*j + 5*t, -2*t = 5*j - 6. Let b(o) = -6 + j + o + 2. Suppose 0*r - r + 4*c = -17, -3*c = r + 4. What is b(r)?
1
Let a(t) = 2*t - 6. Suppose -7 = -2*v + 3. Suppose 2*q = 3*m + 8, -m + 5*q = -0*q + 20. Suppose i - 2*i + v = m. What is a(i)?
4
Let b be 6/(-4) + 110/20. Let j(h) = h**2 - 3*h + 2. Calculate j(b).
6
Let w be 18/22 + (-16)/(-88). Let m be (0 - w) + 21/(-3). Let o(b) = -b**2 - 8*b - 4. Let s be o(m). Let y(u) = u**3 + 3*u**2 - 4*u - 3. Calculate y(s).
-3
Let c(d) = 13*d**2 + 29*d + 11. Let n(u) = -3*u**2 - 7*u - 3. Let j(a) = -2*c(a) - 9*n(a). Let f = 2 - 7. Calculate j(f).
5
Let v(l) = l**2 + 2*l + 2. Suppose k + 0 = g - 1, 2*k + 5*g + 37 = 0. Suppose 5*h = d - 0*d + 24, -8 = h + 3*d. Let x = k + h. What is v(x)?
2
Let q be (6 + -7)/((-1)/2). Let p(k) be the second derivative of -k**5/20 + k**4/6 - k**3/2 + k**2 - k. What is p(q)?
-4
Let h(t) = -2*t + 1. Suppose 17 - 21 = -4*v. Determine h(v).
-1
Let i = 1 + 2. Let w(h) = -i - 8*h**2 + 3 + 4*h**2. Let r(p) = p**2. Let a(u) = -22*r(u) - 4*w(u). Determine a(1).
-6
Let j be 6/4*(-16)/(-6). Let i(k) = k - j*k**2 + 0*k**2 + 0*k + k**3. Let p(h) = 2*h**2 + 2*h - 1. Let v be p(1). What is i(v)?
-6
Let m(q) = -q**2 + 9*q - 6. Let a be (-1)/(-5 + (-34)/(-7)). Give m(a).
8
Suppose b = -2*l - 11, 2*b - 2*l + 6 = 2. Let u(x) = x**2 + 6*x + 7. Calculate u(b).
2
Let y(f) be the first derivative of 1/3*f**3 - 3 + 2*f**2 - 5*f. Suppose -3*i + 0*i = 18. Determine y(i).
7
Let u(o) be the first derivative of -o**2/2 - 2*o - 9. Give u(-6).
4
Let v(x) be the first derivative of -x**4/24 - 3*x**3/2 - 4*x**2 + 2. Let n(m) be the second derivative of v(m). Give n(0).
-9
Let n(b) = -b**3 + 8*b**2 - 8. Let j = 54 + -46. Give n(j).
-8
Let y(h) be the first derivative of -2*h**3/3 + h**2 + 2*h + 12. Determine y(-2).
-10
Let o = -15 - -11. Let y(k) = 6*k - 7. Let s(i) = -17*i + 18. Let r(m) = 4*s(m) + 11*y(m). Calculate r(o).
3
Suppose 0 = 5*m - m - 4. Suppose -3 = h - m. Let j(x) = 3*x. Determine j(h).
-6
Let t(a) = a**3 + 3*a**2 - 4*a - 3. Suppose 3*s - l = -2, 5*l = 4*s + 4 + 6. Suppose s = -4*g - 1 - 15. What is t(g)?
-3
Suppose 0 = x + 4*t + 18, 2*x + 5 + 6 = -3*t. Suppose x*v = 5*v - 12. Let h(y) = -6*y - 4*y**2 + y + y**2 + y**3 + 2. Give h(v).
-2
Let c be (-174)/(-21) + 2/(-7). Let u = -4 + c. Let p(z) = -1 - 3 + 0 + 2*z - 1. Calculate p(u).
3
Suppose -w + 8 = 3*w. Let r(y) = -y**2 + w*y**2 + 3 - 6*y + y. Let j be ((-6)/15)/((-2)/30) + -2. Give r(j).
-1
Suppose -4*i + 5 = -3*i. Let d(m) = -4*m**2 - 11*m - 6. Let y(o) = -5*o**2 - 12*o - 7. Let f(w) = i*y(w) - 6*d(w). Give f(5).
6
Let i = -4 - -9. Suppose -3 - 17 = -4*r. Let b(w) = 6*w**2 - r*w - w**3 + 3 - 5*w + 5*w. What is b(i)?
3
Let o(i) be the first derivative of i**4 - 1/2*i**2 - 2/3*i**3 + 0*i + 2. What is o(-1)?
-5
Let o(f) be the second derivative of -f**6/240 + f**5/60 - f**4/12 - 4*f. Let z(t) be the third derivative of o(t). Suppose -r = -2 - 1. Give z(r).
-7
Let w(f) = f - 8. Let z be w(12). Let t(a) be the third derivative of 7/60*a**5 + 1/6*a**3 + 0*a - 1/24*a**z + 0 - 3*a**2. Give t(1).
7
Let i(f) = -f + 2 - 5 + 2. Suppose 0 = -3*r + 4*o - 20, -3*o + 29 = -2*r - 2*r. Let x be ((-3)/(-1))/(6/r). Determine i(x).
3
Let d(g) = -g**2 + 2*g + 3. Let s be 1*(-5 - 3*(-4 + 3)). What is d(s)?
-5
Let o(j) be the third derivative of -j**6/120 + j**5/30 + j**4/24 - j**3/2 - j**2. Let g = 204 - 201. Determine o(g).
-9
Let a(q) be the third derivative of 0*q**3 + 0 - 1/30*q**5 + 1/8*q**4 - q**2 + 0*q. Determine a(2).
-2
Let v be (-9)/54 + 50/12. Let g(s) be the third derivative of s**6/120 - s**5/20 - s**4/6 + 5*s**3/6 + 3*s**2. Determine g(v).
5
Let b(d) = -d**3 + 3*d**2 + 5*d - 5. Let w(x) = x**2 - 4*x - 8. Let a(r) = r**3 + 8*r**2 + 6*r - 1. Let l be a(-7). Let s be w(l). Give b(s).
-1
Suppose -2*g = -5*q + 3*g, -q = 4*g - 25. Let y(b) = 3*b**2 + 4*b - 1. Let c(z) = 7*z**2 + 9*z - 1. Let j(l) = q*y(l) - 2*c(l). What is j(-4)?
5
Let n be 4/8*(1 + -3). Let c(q) = -13*q**3 - q**2 - q. What is c(n)?
13
Let b(g) = -g**3 - 18*g**2 + 18*g - 15. Let s be b(-19). Let t(l) be the first derivative of -1/4*l**s + l**3 - 1/2*l**2 + 2*l - 1. Determine t(3).
-1
Suppose 0 = 3*n - 6*n - 36. Let g = n - -7. Let m(k) = k. Give m(g).
-5
Let n(q) = 3*q**2 - 2*q + 1. Let l(k) be the first derivative of -k**3 + k**2/2 - k + 4. Let w(z) = -3*l(z) - 2*n(z). Determine w(-1).
3
Let f(y) be the first derivative of 1/4*y**4 - 2 + 4*y + 2*y**2 + 5/3*y**3. Calculate f(-3).
10
Let z be (12/9 - 1)*39. Let s(w) = 15*w**2 - 13*w + 4. Let x(o) = -7*o**2 + 6*o - 2. Let i(n) = z*x(n) + 6*s(n). Give i(2).
-6
Suppose 5*a = 11 - 1. Suppose -l = -a*l. Let n = l - -1. Let x(o) = 4*o + 1. Give x(n).
5
Suppose 0*y - 2*y + 4*d = 8, -4*y - 4 = -4*d. Let x(r) = 0*r + 2*r**2 + y + r - r**2. Give x(-2).
4
Suppose -5*x + w - 2*w = -9, 0 = -2*x + 5*w + 9. Let u(g) = 0 - 1 - 4*g + 3*g + 2. Calculate u(x).
-1
Suppose 0 = 16*i + 4 + 76. Let a(m) = -m**3 - 6*m**2 - 5*m - 6. Calculate a(i).
-6
Suppose -4*x - 4*t = -t - 14, 4*t - 8 = 0. Let o(q) = -q**2 + 3*q**x - q**2. Calculate o(1).
1
Let u(b) = -2*b**2 - 6*b**2 + 2 + 14*b**2 - 5*b**2. Give u(2).
6
Let m = -32 + 61. Let l = m + -17. Let p(n) = -5*n**2 + 2 + 3*n + 13*n**3 + n - l*n**3. Give p(4).
2
Let g = -3 - -6. Let v be 5/2*(-4)/(-10). Let c(u) = 3*u + 0*u**2 - 2*u**3 + 5 - v + 2*u**2 + u**3. Give c(g).
4
Suppose 4*c - 5*y - 24 = -y, -3*c + 4*y + 20 = 0. Let w(a) = -3 - c + 9 - a. Determine w(6).
-4
Let g(z) = -z**3 - z**2 + 7*z - 1. Let c(l) = 3*l**3 + 4*l**2 - 21*l + 4. Let u(t) = 4*c(t) + 11*g(t). Determine u(-6).
11
Let x(j) = -6*j + 1 + 2*j + 7*j. Let c = 7 + -13. Give x(c).
-17
Let z be 4 - (-2 + 6 + -2). Suppose q - z = -0*q. Suppose 0 = -2*k - q*k. Let f(r) = -r**3 + r - 5. Give f(k).
-5
Suppose -o - 2 = -0. Let d be 0 + (0 - (o - -2)). Let x(v) = v + 4. What is x(d)?
4
Let o be ((-2)/(-3))/((-4)/(-12)). Let g be o/7 - (-26)/7. Let d(v) = 0*v + 3*v - g*v. Give d(-1).
1
Let n(r) be the second derivative of -r**8/6720 + r**6/240 + r**5/40 + r**4/12 - 2*r. Let m(b) be the third derivative of n(b). Determine m(-2).
5
Let c(d) = 1. Let n(y) = 5*y - 15. Let i(x) = 30*c(x) + 2*n(x). Suppose 4*w - 16 = 4*g, 3 = -2*g - w + 7. Let r be (g + 0 - 2) + 3. Give i(r).
10
Let g be -2*3/(-6)*-2. Let m(h) = -4*h**3 - 5*h**2 + h - 1. Let d(k) = -k**3 - k**2 + k - 1. Let w(s) = -3*d(s) + m(s). Give w(g).
6
Let f = 28 + -43. Let r = f - -13. Let y(m) = 2 - 5*m**3 + 3*m**3 - m + m**3 - 4*m**2. Determine y(r).
-4
Let v(i) = -i**2 - 4*i + 4. Let l(m) = 2*m**2 + 8*m - 6. Let u(f) = -f - 1. Let d(t) = l(t) + u(t). Let g(w) = 4*d(w) + 7*v(w). Determine g(-2).
4
Let b(f) = -4 + 5*f - 3*f + 5 + 4*f. Give b(1).
7
Let i(b) = -8 + 4 - b + 0. Calculate i(-4).
0
Let l(m) = 2*m**3 - 5*m**2 - 4*m. Let q(i) = -i**3 + i**2 + i. Let g(s) = -l(s) - 3*q(s). Suppose 5*a = -f - 14, a - 2*f - 4 = -a. Determine g(a).
-2
Let x(u) = u - 8. Let v be x(8). Let p(m) = v*m + 1 - 4 - 3*m + m. Suppose 3*h - 3 = 4*h. Determine p(h).
3
Let b(v) = v**3 - 6*v**2 + v + 6. Let g be (-50)/(-8) + 4/(-16). Determine b(g).
12
Let z(k) be the second derivative of -k**3/3 + 5*k**2/2 + 17*k. Calculate z(4).
-3
Let h(i) be the first derivative of 1/4*i**4 - 7/2*i**2 - 5/3*i**3 + 8*i - 4. Give h(6).
2
Let z(v) = v**3 - 8*v**2 - 9*v + 6. Let m be z(9). Let r(l) be the second derivative of l**3/6 - 7*l**2/2 - 6*l. Give r(m).
-1
Let r(u) be the third derivative of 5/24*u**4 + 2*u**2 - 1/120*u**6 + 0 + 0*u - 1/15*u**